-10)/p composite?
False
Is ((-3)/4)/(4/((-197088)/18)) a composite number?
False
Let c = 16 + -14. Suppose -c*a - 20 = -7*a. Suppose 4*o = -4*h + 5824, 0 = -2*o + 5*h - a*h + 2921. Is o composite?
False
Is (-1)/2*(8340728/(-24) + -1)*3 composite?
True
Suppose 440999 - 550 = 74*q - 31*q. Is q prime?
True
Let q be (-18984)/(-16) - 12/8. Is 160*q/10 - -5 composite?
True
Let y = 41999 + -360. Is y composite?
True
Let r be (-1)/(-2)*(-14 + 14). Suppose 6*s - 16747 - 19667 = r. Suppose 16*j - s = 2587. Is j a prime number?
True
Let a = -6593 + 13372. Is a composite?
False
Suppose 3*t + t + 3*c = 62, 53 = 3*t - c. Suppose 0 = 11*v - t*v + 32244. Is v prime?
False
Let i = 8486 + -3927. Let u = 13060 - i. Is u a composite number?
False
Let j(t) = -t**3 + t**2 - 3*t + 4. Let b be j(3). Let y = b - -3. Is (-12976)/y + 6/30 a prime number?
False
Let z(j) be the third derivative of j**5/3 + 5*j**4/6 - 41*j**3/6 - 2*j**2 + 19*j. Is z(19) a composite number?
False
Let g(u) = 10599*u**3 + 4*u**2 - 2*u - 1. Let n be g(1). Let q = n + -4221. Is q a composite number?
False
Let w(f) = -16*f + 4. Let m be w(0). Is (2/m)/(1/3802) a prime number?
True
Suppose 5*b - 184420 = -5*o, 104831 + 42745 = 4*o - 4*b. Is o a prime number?
False
Is (2 - 11/(-2) - 7)*13606/1 prime?
True
Suppose 63*s - 491 = 64*s. Let k = 347 + -247. Let o = k - s. Is o prime?
False
Let s = -980 - -2953. Is s a prime number?
True
Let x(f) = -9*f**3 + 9*f**2 - 4*f - 9. Let t be 5*((-2)/(-6))/((-12)/36). Is x(t) composite?
False
Let o = -17 + 5. Let j(t) be the first derivative of -t**4/4 - 11*t**3/3 - 7*t**2/2 - 5*t + 17. Is j(o) a prime number?
True
Let r(y) = y**3 - 9*y**2 + 10*y - 13. Let b be (1 - -6) + 2 + -1. Let w be r(b). Suppose -1145 = -w*g + 58. Is g prime?
True
Suppose -6*a = -57 + 33. Suppose -14909 = -3*j - 2*h, -h = -2*j - a*h + 9936. Is j a prime number?
False
Suppose 4 = -37*g + 39*g. Suppose g*r = 3*r. Is (-11066 - 3)*(3 - (4 + r)) a composite number?
False
Let d(v) = -3*v**2 + 29*v - 12. Let b be d(9). Suppose b*k + 7421 = 7*k + 5*i, 3*k - 2*i - 22229 = 0. Is k prime?
True
Let l(h) = -12055*h - 2534. Is l(-19) prime?
True
Suppose 25 = -5*k, 0 = 4*o - 7*k + 12*k - 402339. Is o composite?
False
Suppose x - 393 = 2*o, -4*x + 1562 = -0*o - 3*o. Suppose 4 + 21 = -5*j, -5*s = j + 1285. Let g = s + x. Is g prime?
False
Let b = 203885 - -237344. Is b prime?
True
Let h be ((-832)/12 + -2)*(-29223)/6. Suppose 42*a - 56149 = h. Is a prime?
False
Let g = -292480 - -431951. Is g a composite number?
True
Let p(l) = -3782*l - 21. Suppose -x = -3*x - 5*c + 13, 2 = x + c. Is p(x) a prime number?
True
Suppose -9*y - 5*t = -8*y + 11, 3*y = -4*t - 22. Is 11192/y*3/(-2) composite?
True
Let b = 268 - -1968. Suppose b = 9*k - 2129. Is k a composite number?
True
Suppose -4*o + 10 = -4*q - 6, -4*q = -o + 1. Is 854 + q + (2 - (8 - 4)) prime?
True
Let r(d) be the second derivative of 1/2*d**3 - 16*d + 0 + 1/10*d**5 - 13/2*d**2 - 3/4*d**4. Is r(6) composite?
False
Suppose 3*o + w - 16 = -w, 3*o - 4*w - 4 = 0. Suppose 2 = o*n - 6. Is ((-668)/(-8) + -2)*n a prime number?
True
Let a(b) = -b**3 + 10*b**2 - 15*b - 5. Suppose 0 = -4*v + 5*p + 107 + 42, -3*v = 4*p - 73. Suppose v = 4*c + 3. Is a(c) a composite number?
False
Suppose 3 - 39 = -6*i. Let a be i*4/(-16)*-4. Let b(j) = 2*j**2 - 7*j + 5. Is b(a) a prime number?
False
Let i(t) = 67*t - 86 - 23*t**2 + 24*t - 54*t + 2*t**3 + 33. Is i(16) composite?
False
Let t be -32*((-28)/8 + 3) + -5. Let f(y) = 782*y + 19. Is f(t) a prime number?
False
Suppose -2*h = -4*k + 62, -4*k + 0*h + 5*h = -53. Suppose -k + 14 = -a. Suppose g + 670 = 3*w - 289, 0 = -2*w + a*g + 644. Is w a composite number?
True
Let t = -32 + 34. Let c be (-1 + (-10)/t)/((-4)/(-2)). Is (2202/15)/(c + (-68)/(-20)) a prime number?
True
Suppose -5*u = -1 - 4. Suppose u = p - 3. Is (p + -2)/(-1)*(-26446)/28 prime?
True
Let k(u) = -92*u**3 - 2*u**2 + 2*u + 3. Let z(v) = v**3 - 15*v**2 + 3. Let f be z(15). Suppose 0 = 5*d - 4*d + f. Is k(d) composite?
True
Let b be (-8)/(-140) - (-31284)/105. Suppose -9 = 3*c, -c + 951 = 5*d - 3*c. Let h = b - d. Is h a prime number?
True
Let r(u) = -8449*u - 220. Is r(-9) a composite number?
False
Let o = 106 - 103. Suppose -2*f - g = -o, -3*f - 4*g - 32 = -6*f. Suppose l - f*l = -2841. Is l a composite number?
False
Suppose 2*q = u - 171047, 2*u - 21*q = -20*q + 342106. Is u prime?
False
Suppose 4*b - 40 = -4*q, 8*b - 3*b - 5*q = 60. Let v(f) = 32*f - 31. Let o(h) = -63*h + 63. Let k(l) = 6*o(l) + 13*v(l). Is k(b) a prime number?
False
Let u = -3157 + 16178. Is u a prime number?
False
Suppose -26 = 12*y - 74. Suppose y*j = -3*g + 3*j + 2090, -5*g + 3481 = 4*j. Is g a composite number?
True
Let j(f) = f**3 - f. Let p be j(0). Suppose p = 94*a - 86*a - 56968. Is a a composite number?
False
Let l(x) = -x**3 - 3. Let f(a) = 4*a**3 + 24*a**2 + 41*a + 48. Let p(c) = -f(c) - 5*l(c). Is p(34) a composite number?
False
Let l(n) = 22*n**3 - 7*n**2 + 61*n + 99. Is l(13) prime?
False
Suppose 617*a = 547*a - 840. Let j(h) be the third derivative of h**6/120 + 9*h**5/20 + 5*h**4/6 + 29*h**3/6 - h**2. Is j(a) a composite number?
False
Suppose -139*c + 39391734 = 107*c. Is c a prime number?
False
Let q be -1*(0 + -1)*-43. Let w be q + -3*(-3 + 2). Is (-4 - w/8)/(2/2434) a composite number?
False
Let c(i) = 618*i + 42. Let n(o) = -618*o - 41. Let f(a) = 4*c(a) + 5*n(a). Let l = -14 - -8. Is f(l) prime?
True
Let i = 681038 + -450055. Is i composite?
True
Let x(j) = 92*j + 1. Suppose 0 = 4*k - 0*k + 3*k. Let w be -2 + (0 - (-4 - k)). Is x(w) composite?
True
Let h be ((-597)/(-2))/(4/8). Let i = h - -944. Is i composite?
True
Let x = 47 - 44. Suppose a - x = -1. Is a - ((0 - 1) + -74) prime?
False
Suppose -5*g - 3 - 2 = 4*c, 5*c - 5*g - 5 = 0. Suppose c = 6*y + 5*y - 21571. Is y composite?
True
Let d = 185 + 34. Suppose -2*k + 2*q + d = -k, -5*q + 15 = 0. Suppose 7*i - 778 = -k. Is i a prime number?
True
Let g = -42 - -45. Suppose -3*k + g = 2*f - 8, f = -2. Suppose -1479 = -5*b - 5*z + 1711, -k*b - 3*z = -3182. Is b prime?
False
Suppose 13*c = -5*c - 4*c. Let w = 530 - 221. Suppose c = -175*m + 178*m - w. Is m a composite number?
False
Let d = -3546 - -6002. Suppose -2*a = -c - 2472, 3*c - d = a - 3*a. Suppose -230 = 4*x - a. Is x a prime number?
True
Let s be (5 + -1)*(16 + 9 + 1). Is ((677/4)/(-1))/((-26)/s) prime?
True
Is (-2073563*1/6)/((-12)/72) a composite number?
False
Suppose 5*y - 6259 = -3*c + 7*y, -5*c - 2*y = -10405. Suppose 2*w = 4767 + c. Suppose 1052 = -7*k + w. Is k composite?
True
Let k be ((-1868)/20)/((-5)/75). Suppose -y - k = -u + 1116, 0 = 3*u + 2*y - 7571. Is u composite?
False
Suppose 5*a = 7*a - 2, 3*n - 4*a - 426887 = 0. Is n composite?
False
Suppose 3*c + 32114 = 5*o, 146*o + 5*c - 12827 = 144*o. Is o a composite number?
False
Suppose 2*z + 0*n - 18 = 2*n, 2*z - 3 = -n. Suppose 4*k + 2*o - 7323 = -k, z*o - 1479 = -k. Suppose 3*b - 298 - k = 0. Is b composite?
False
Let o(a) be the first derivative of -a**4/4 - 4*a**3 - 11*a**2/2 + 19*a + 104. Is o(-13) composite?
False
Suppose -4*t + 13*z + 46602 = -1073123, z = t - 279938. Is t prime?
True
Let f(b) = 44*b**2 - 101*b + 124. Is f(45) prime?
False
Suppose 7*m - 1167606 = 12930. Suppose -3*x + m = 5*x. Is x prime?
False
Suppose -n - 3*q - q - 42 = 0, -4*q + 190 = -3*n. Let v = 59 + n. Is 1039/2*(v + -7)/(-3) composite?
False
Let c = -94 - -99. Suppose -3*h - 5*z + 48754 = 0, -5198 = h - c*z - 21456. Is h a composite number?
False
Let t = 7609 - -4246. Is t a composite number?
True
Is (-80)/10*-2 - -183943 a prime number?
True
Let s(p) = 2*p - 2. Let h be s(4). Let z(j) = 41*j + 199. Let k be z(-4). Is 4/(-10) + (47229/k - h) a prime number?
False
Is (-2 - -55293)/((-23)/115*-5) composite?
False
Let b(t) = -3*t**2 - 13*t + 5. Let a be b(-6). Let d = -25 - a. Suppose -w + 4*w - 2073 = d. Is w composite?
False
Suppose 5640*h - 107779945 = 5549*h. Is h a prime number?
False
Let q(w) = -w**3 + 23*w**2 + 23*w + 20. Suppose 60*l + 48 = 62*l. Let a be q(l). Is 5 + (46 - 4) - a composite?
True
Let u = 59761 + -40878. Is u a prime number?
False
Suppose 34*h + 7*h - 20*h - 72765 = 0. Let b = -2357 - -451. Let z = b + h. Is z composite?
False
Let w be 1*(-7)/(28/(-24)). Suppose 2*y = 5*q + 12111, 2*y - w*y = 4*q + 9700